late the remainder when 8865876 is divided by 503.
501
What is the remainder when 33038 is divided by 1265?
148
What is the remainder when 274507298 is divided by 11?
10
Calculate the remainder when 908269 is divided by 46.
45
Calculate the remainder when 782528 is divided by 37191.
1517
Calculate the remainder when 9920506 is divided by 12.
10
What is the remainder when 16779853 is divided by 47942?
153
Calculate the remainder when 24801964 is divided by 12400976.
12
Calculate the remainder when 4278810 is divided by 251690.
80
Calculate the remainder when 400203 is divided by 918.
873
Calculate the remainder when 91306283 is divided by 71.
70
What is the remainder when 172021365 is divided by 136?
133
What is the remainder when 161359 is divided by 157158?
4201
Calculate the remainder when 39596 is divided by 327.
29
Calculate the remainder when 182977 is divided by 883.
196
What is the remainder when 9904869 is divided by 4103?
227
What is the remainder when 2276584 is divided by 115?
44
What is the remainder when 62090186 is divided by 15522544?
10
What is the remainder when 18266 is divided by 16867?
1399
What is the remainder when 596321569 is divided by 44?
41
What is the remainder when 6635776 is divided by 6474?
6400
What is the remainder when 292717 is divided by 24389?
49
What is the remainder when 4125602 is divided by 717?
701
What is the remainder when 58377 is divided by 2106?
1515
Calculate the remainder when 12709873 is divided by 4236622.
7
Calculate the remainder when 1876588 is divided by 2242.
34
What is the remainder when 453240 is divided by 6493?
5223
Calculate the remainder when 14566979 is divided by 2427827.
17
What is the remainder when 111163 is divided by 53623?
3917
What is the remainder when 342087 is divided by 28505?
27
What is the remainder when 129809 is divided by 2704?
17
Calculate the remainder when 394062 is divided by 195955.
2152
Calculate the remainder when 7762927 is divided by 28.
11
Calculate the remainder when 257977 is divided by 51579.
82
What is the remainder when 4279562 is divided by 84?
14
What is the remainder when 494588 is divided by 129?
2
What is the remainder when 30772 is divided by 4100?
2072
Calculate the remainder when 34501382 is divided by 356.
354
What is the remainder when 13093376 is divided by 278582?
22
Calculate the remainder when 1432209 is divided by 2917.
2879
Calculate the remainder when 597462 is divided by 1188.
1086
What is the remainder when 1463457 is divided by 1463420?
37
What is the remainder when 2591866 is divided by 9855?
1
What is the remainder when 74193891 is divided by 7671?
7650
Calculate the remainder when 23545011 is divided by 2075.
2061
Calculate the remainder when 2074642 is divided by 27.
16
What is the remainder when 1500675 is divided by 124927?
1551
Calculate the remainder when 61688787 is divided by 18.
15
What is the remainder when 46505 is divided by 9241?
300
What is the remainder when 18909936 is divided by 968?
56
Calculate the remainder when 171351 is divided by 4220.
2551
What is the remainder when 72199 is divided by 24017?
148
What is the remainder when 702948 is divided by 2055?
138
Calculate the remainder when 5891052 is divided by 166.
44
What is the remainder when 66284602 is divided by 4?
2
Calculate the remainder when 3682113 is divided by 2819.
499
Calculate the remainder when 21307642 is divided by 4440.
82
Calculate the remainder when 8672989 is divided by 68.
65
Calculate the remainder when 4648326 is divided by 1436.
1430
What is the remainder when 2339705 is divided by 11469?
29
Calculate the remainder when 16190 is divided by 15476.
714
What is the remainder when 63564 is divided by 15873?
72
What is the remainder when 16722 is divided by 4800?
2322
What is the remainder when 812251 is divided by 90?
1
What is the remainder when 5257727 is divided by 2053?
2047
What is the remainder when 1369046 is divided by 667?
362
Calculate the remainder when 1454867746 is divided by 6475.
6471
What is the remainder when 22303749 is divided by 354?
333
Calculate the remainder when 87615 is divided by 2193.
2088
What is the remainder when 472465 is divided by 47227?
195
What is the remainder when 178203 is divided by 44545?
23
What is the remainder when 16033581 is divided by 833?
830
Calculate the remainder when 47629739 is divided by 2780.
2779
What is the remainder when 42936 is divided by 20482?
1972
Calculate the remainder when 7000 is divided by 46.
8
What is the remainder when 840263 is divided by 120035?
18
Calculate the remainder when 13712855 is divided by 156.
143
Calculate the remainder when 7622222 is divided by 103001.
148
Calculate the remainder when 1648775 is divided by 352.
7
What is the remainder when 86533 is divided by 609?
55
Calculate the remainder when 18322917 is divided by 7.
4
What is the remainder when 1807010 is divided by 3625?
1760
Calculate the remainder when 102259 is divided by 4591.
1257
Calculate the remainder when 41440567 is divided by 37435.
22
Calculate the remainder when 555945 is divided by 138374.
2449
What is the remainder when 58767 is divided by 9731?
381
What is the remainder when 106135625 is divided by 902?
893
Calculate the remainder when 42831 is divided by 10607.
403
What is the remainder when 8221730 is divided by 256926?
98
Calculate the remainder when 15833380 is divided by 5939.
6
Calculate the remainder when 1651106 is divided by 592.
18
Calculate the remainder when 1953460 is divided by 1953456.
4
Calculate the remainder when 87557409 is divided by 12695.
12689
What is the remainder when 4274022 is divided by 1506?
1500
Calculate the remainder when 3258741 is divided by 203671.
5
Calculate the remainder when 46220225 is divided by 23110108.
9
Calculate the remainder when 282289 is divided by 1139.
956
What is the remainder when 35893652 is divided by 149?
148
Calculate the remainder when 49992 is divided by 1000.
992
Calculate the remainder when 187796 is divided by 26809.
133
Calculate the remainder when 1585335 is divided by 163.
160
Calculate the remainder when 879362 is divided by 39971.
0
Calculate the remainder when 24302860 is divided by 252.
232
What is the remainder when 40615874 is divided by 63962?
4
Calculate the remainder when 8810270 is divided by 393.
389
Calculate the remainder when 222692217 is divided by 159.
156
What is the remainder when 2347620 is divided by 1184?
932
Calculate the remainder when 30266 is divided by 1980.
566
What is the remainder when 7183681 is divided by 2938?
271
Calculate the remainder when 35985 is divided by 2955.
525
Calculate the remainder when 1281089 is divided by 409.
101
What is the remainder when 420485 is divided by 1929?
1892
Calculate the remainder when 456637 is divided by 1673.
1581
Calculate the remainder when 4396897 is divided by 2074.
17
What is the remainder when 683849 is divided by 6342?
5255
What is the remainder when 1484900 is divided by 1484605?
295
What is the remainder when 50392937 is divided by 276?
29
What is the remainder when 328563 is divided by 109413?
324
What is the remainder when 8447 is divided by 386?
341
Calculate the remainder when 451869 is divided by 50158.
447
Calculate the remainder when 687399215 is divided by 1904.
1903
What is the remainder when 24259 is divided by 7905?
544
Calculate the remainder when 744209 is divided by 164.
141
What is the remainder when 343599 is divided by 114337?
588
What is the remainder when 17789146 is divided by 2267?
2264
Calculate the remainder when 19004 is divided by 401.
157
What is the remainder when 240785 is divided by 76297?
11894
What is the remainder when 137057 is divided by 18692?
6213
What is the remainder when 2637099 is divided by 57?
51
Calculate the remainder when 28695 is divided by 173.
150
Calculate the remainder when 20158771 is divided by 313.
6
Calculate the remainder when 8790412 is divided by 142.
44
What is the remainder when 2161188 is divided by 88?
84
Calculate the remainder when 262763 is divided by 4957.
42
Calculate the remainder when 352316 is divided by 117414.
74
What is the remainder when 1375718 is divided by 108?
14
What is the remainder when 4302240 is divided by 56?
40
What is the remainder when 359256 is divided by 